2066. Determine v(5).
-164
Let z(f) = 6592*f - 79042. Calculate z(12).
62
Let l(m) = 2*m**3 - 2*m**2 - 11*m - 150. Calculate l(5).
-5
Let j(u) = 7*u**2 + 160*u + 331. Determine j(-18).
-281
Let g(r) = 53*r**2 + 343*r - 27. What is g(-6)?
-177
Let h(m) = -m**3 + 322*m**2 - 7317*m + 49063. Determine h(298).
-107
Let g(h) = -165586*h**2 - 2318202*h + 32. What is g(-14)?
4
Let j(u) = -u**3 + 309*u**2 + 7631*u + 987. Give j(332).
-673
Let i(g) = 81*g**2 - 1177*g + 54. Determine i(12).
-2406
Let c(f) = -11813*f - 1453004. Give c(-123).
-5
Let o(w) = -w**3 + 338*w**2 + 22563*w - 18964. Give o(395).
-4
Let n(q) = 3*q**2 - 152*q - 2684. What is n(-15)?
271
Let n(g) = 13329*g + 613132. What is n(-46)?
-2
Let x(i) = 2*i**2 + 607*i + 129. Give x(0).
129
Let m(l) = -78518*l + 13033993. Give m(166).
5
Let r(o) = 75282*o + 1505685. What is r(-20)?
45
Let y(k) = 4*k**2 - 36*k - 104. What is y(-2)?
-16
Let c(a) = -a**3 + 24*a**2 - 704*a + 3570. Give c(6).
-6
Let i(y) = 48*y**3 - 3*y**2 - 78*y + 76. What is i(1)?
43
Let i(x) = -6947*x + 506461. Calculate i(73).
-670
Let s(b) = 5119*b - 76794. Calculate s(15).
-9
Let m(w) = 12*w**2 + 123*w - 95. Determine m(-11).
4
Let n(o) = -82*o + 5256. Determine n(74).
-812
Let h(k) = -16*k**3 + 58*k**2 - 28*k + 207. Determine h(4).
-1
Let o(d) = 3*d**2 - 16*d + 144. Give o(-5).
299
Let o(c) = -414*c - 41377. Calculate o(-100).
23
Let p(c) = c**3 - 70*c**2 - 94*c + 1119. Determine p(71).
-514
Let f(a) = a**3 + 60*a**2 + 227*a + 4136. Determine f(-57).
944
Let h(p) = -124*p - 9352. Determine h(-84).
1064
Let v(s) = 11041*s + 783904. Give v(-71).
-7
Let d(o) = -227*o**2 + 73*o + 55. What is d(-2)?
-999
Let b(z) = 91*z - 1820. Give b(21).
91
Let l(k) = 84*k**2 - 3614*k + 61. Calculate l(43).
-25
Let o(b) = 572*b + 10998. Give o(-18).
702
Let w(j) = -10409*j + 1061680. What is w(102)?
-38
Let v(h) = 9679*h - 48400. Give v(5).
-5
Let c(u) = 2109*u**2 - 1945*u - 4. What is c(1)?
160
Let j(l) = -l**3 + 25*l**2 - 19*l - 45. Give j(23).
576
Let n(g) = g**3 - 22*g**2 - 485*g - 388. Determine n(36).
296
Let t(b) = 4*b**3 + 5*b**2 - 25*b - 4. What is t(-4)?
-80
Let v(q) = -9*q**2 - 473*q - 2790. Determine v(-52).
-2530
Let w(c) = -6*c**2 - 6451*c + 337547. Give w(50).
-3
Let v(q) = 25*q**2 + 522*q + 4757. What is v(-9)?
2084
Let a(b) = -b**2 - 3911*b - 2327070. Calculate a(-732).
-42
Let f(x) = -x**3 - 82*x**2 - 659*x - 79. Give f(-73).
67
Let r(m) = 38*m + 2392. Determine r(0).
2392
Let y(m) = 15*m**3 - 3953*m**2 + 6027*m - 303. What is y(262)?
-41
Let z(l) = -20774*l + 65. Give z(0).
65
Let a(x) = 11630*x + 6315100. What is a(-543)?
10
Let x(o) = -73*o + 865. Calculate x(12).
-11
Let c(a) = 170763*a + 512283. What is c(-3)?
-6
Let d(t) = -t**3 + 21*t**2 + 7*t - 1267. What is d(15)?
188
Let r(q) = 2*q**3 + 20*q**2 + 12*q - 10. Give r(-8).
150
Let d(w) = 11196*w + 694373. Determine d(-62).
221
Let r(q) = 1627*q - 48232. Give r(30).
578
Let j(w) = 910*w + 83741. What is j(-92)?
21
Let c(f) = 21333*f + 810661. Calculate c(-38).
7
Let s(u) = 3*u**2 + 69*u - 121. Determine s(-24).
-49
Let r(p) = 130701*p + 2221938. What is r(-17)?
21
Let g(n) = 495812*n - 2479057. Determine g(5).
3
Let a(k) = -k**2 - 391*k + 60833. What is a(-510)?
143
Let m(z) = z**3 + 30*z**2 - 61*z - 554. Determine m(-31).
376
Let s(r) = 1509*r**2 - 4*r - 78. Determine s(0).
-78
Let d(j) = -63979*j + 4222582. Calculate d(66).
-32
Let l(w) = -w**3 + 116*w**2 - 8*w + 1052. Determine l(116).
124
Let x(l) = 3*l**3 - 2*l**2 + 637*l + 2592. Give x(-4).
-180
Let q(y) = -y**3 - 129*y**2 - 215*y + 6071. Give q(6).
-79
Let n(b) = -b**3 + 237*b**2 - 2479*b - 18. What is n(11)?
59
Let x(i) = 4*i**3 + 107*i**2 - 107*i - 941. Determine x(-27).
1219
Let m(x) = 3*x**2 - 473*x - 2873. Calculate m(-6).
73
Let q(z) = -2550962*z - 48468284. Calculate q(-19).
-6
Let q(j) = -j**3 - 18*j**2 - 56*j - 527. Determine q(-15).
-362
Let n(s) = -s**3 + 16*s**2 - 110*s + 297. Determine n(6).
-3
Let s(h) = -h**3 - 27*h**2 + 58*h - 783. Determine s(-30).
177
Let m(c) = 35*c**2 - 3382*c - 13566. What is m(-4)?
522
Let m(u) = -68*u - 4367. Determine m(-86).
1481
Let t(a) = -a**2 + 124*a + 7089. Determine t(-43).
-92
Let t(k) = 539492*k + 53409711. What is t(-99)?
3
Let h(k) = -k**3 + 214*k**2 - 653*k + 4177. Give h(211).
-43
Let q(d) = -d**3 + 335*d**2 - 5403*d - 31. Determine q(17).
20
Let l(k) = -34894*k - 71. Give l(0).
-71
Let x(q) = 4*q**3 + 41*q**2 + 820*q + 8041. Determine x(-10).
-59
Let s(q) = -72*q**2 + 768*q - 767. What is s(1)?
-71
Let q(r) = -257046*r + 1028211. Determine q(4).
27
Let m(z) = 5*z**3 - 21*z**2 - 32*z + 104. Calculate m(-3).
-124
Let n(q) = -q**3 - 266*q**2 + 8190*q - 12345. What is n(-294)?
3
Let j(n) = 45*n**3 + 18*n**2 - 43*n + 13. Determine j(2).
359
Let r(p) = -2*p**2 - 130*p + 437. What is r(-68)?
29
Let v(x) = -111*x**3 + 2666*x**2 - 54*x + 135. Give v(24).
-9
Let w(f) = 519*f + 10920. Give w(-29).
-4131
Let m(r) = 19910*r + 119461. What is m(-6)?
1
Let b(l) = -277*l**2 - 12184*l + 44. Determine b(-44).
-132
Let g(p) = -p**2 + 7861*p - 31475. Give g(4).
-47
Let p(x) = 1717*x - 22681. Give p(15).
3074
Let t(b) = -b**3 - 24*b**2 - 1539*b - 39072. Calculate t(-25).
28
Let n(u) = -18728*u + 130915. Calculate n(7).
-181
Let s(g) = -2*g**3 + 452*g**2 + 7750*g - 1449. What is s(242)?
3
Let s(q) = -q**2 + 756*q - 141089. Determine s(336).
31
Let u(s) = s**2 - 222*s + 9592. Give u(149).
-1285
Let f(l) = -l**2 - 13091*l - 1582219. Give f(-122).
-1
Let o(p) = 501*p + 6357. Determine o(-19).
-3162
Let p(d) = 4*d**3 + 2*d**2 - 4228*d + 2044. Give p(-33).
-2
Let r(o) = 21*o**3 + 6*o**2 - 84*o - 42. Determine r(0).
-42
Let o(w) = 6*w**3 - 41*w**2 + 25*w + 15. Determine o(6).
-15
Let k(o) = o**2 - 2494*o - 530115. What is k(-197)?
12
Let u(j) = -1123*j + 268389. What is u(239)?
-8
Let g(w) = 4*w**2 - 1627*w + 12347. Give g(399).
-22
Let b(c) = -52945*c + 52950. Give b(1).
5
Let z(c) = c**3 - 263*c**2 + 517*c + 493. Give z(261).
-812
Let u(b) = -b**2 + 11231*b - 436477. Determine u(39).
11
Let x(t) = 334*t - 787. Give x(5).
883
Let k(c) = -12*c**2 - 302*c + 592. What is k(-28)?
-360
Let i(v) = 2*v**3 + 9*v**2 + 2*v + 12. Give i(-7).
-247
Let d(a) = -a**3 - 259*a**2 + 6478*a - 2262. Give d(-282).
-6
Let p(m) = -5*m**3 + 2*m**2 + m - 688. Determine p(0).
-688
Let s(k) = -708*k + 43935. What is s(61)?
747
Let b(t) = -t**3 - 80*t**2 - 48*t + 8417. Give b(-78).
-7
Let c(f) = f**3 - 181*f**2 - 105*f + 19058. Determine c(181).
53
Let w(s) = -3408*s + 119234. Give w(35).
-46
Let m(n) = 69155*n**2 - 2351268*n - 62. Give m(34).
6
Let d(o) = 344578*o - 2756620. Determine d(8).
4
Let u(p) = 70707*p - 495085. Determine u(7).
-136
Let b(f) = f**3 - 143*f**2 + 357*f - 10575. What is b(141)?
0
Let i(c) = 2*c**2 - 53*c + 116. Give i(39).
1091
Let z(k) = 4*k - 41. Give z(11).
3
Let r(o) = 2*o**3 - 513*o**2 - 5623*o - 7. Determine r(-11).
-2889
Let b(r) = -86*r**3 - 280*r**2 - 277*r. Calculate b(-1).
83
Let m(z) = 21*z**2 + 1536*z + 19195. What is m(-16)?
-5
Let b(h) = -1531*h**2 + 84200*h + 274. Give b(55).
-1
Let f(v) = -288*v - 10849. Give f(-39).
383
Let q(l) = -14687*l - 2702462. Calculate q(-184).
-54
Let v(p) = -21*p**3 + 591*p**2 + 527*p - 153. Calculate v(29).
-8
Let r(d) = -d**2 + 601*d - 88852. Give r(333).
392
Let d(c) = 16746*c**2 - 117223*c + 16. Calculate d(7).
9
Let o(y) = -y**3 - 183*y**2 + 468*y + 17570. Give o(-185).
-560
Let r(c) = -61*c**2 - 1301*c - 251. What is r(-21)?
169
Let m(a) = 2*a**3 - 43*a**2 - 2791*a - 531. Determine m(-28).
1
Let y(x) = 2972*x - 64500. Determine y(22).
884
Let w(i) = -4952*i - 49187. Calculate w(-10).
333
Let t(v) = v**2 + 347*v + 13340. Determine t(-44).
8
Let r(a) = -2*a**2 - 615*a - 43049. Calculate r(-200).
-49
Let o(z) = -z**3 + 337*z**2 - 4962*z + 1437794. What is o(335)?
-26
Let a(i) = -6*i**2 - 1007*i + 10843. Calculate a(-178).
-15
Let m(j) = 8*j**2 - 238*j + 261. What is m(12)?
-1443
Let n(x) = 8*x**3 + 258*x**2 + 62*x + 148. Calculate n(-32).
212
Let s(p) = -525*p + 17355. Determine s(33).
30
Let w(d) = -d**2 + 6*d - 242. What is w(-23)?
-909
Let l(n) = -2598*n - 2291. Determine l(-1).
307
Let t(q) = -123*q**2 + 681*q - 43. Calculate t(6).
-385
Let z(q) = q**2 - 24404*q + 1169150. Calculate z(48).
62
Let t(f) = 3*f**2 + 1679*f + 168148. What 